y?
31
Let y = -794 + 383. Let a = y + 664. Calculate the highest common factor of a and 23.
23
Let h(n) = 25*n - 70. Let r be h(6). Calculate the greatest common divisor of 5 and r.
5
Let u(r) = r + 2. Let a be u(1). Calculate the greatest common divisor of a and 12.
3
Let w(r) be the first derivative of r**3/3 + r**2 - 2. Let t be w(-5). Let c be ((-8)/(-6))/(2/t). What is the greatest common factor of 10 and c?
10
Suppose -1 + 16 = 5*h. What is the greatest common divisor of 24 and h?
3
Let f = 6 + -2. Suppose 2*k - 52 = -0*h - h, -5*h = -k - 216. What is the greatest common divisor of f and h?
4
Suppose -3*i = -i. Suppose -2 - 10 = -4*q, -2*p + 3*q + 145 = i. What is the highest common factor of p and 11?
11
Let w(y) = -y**3 + 10*y**2 + 9*y - 5. Let i(o) = -o**3 + o. Let x(g) = -2*i(g) + w(g). Let u be x(-9). Calculate the greatest common factor of u and 65.
13
Suppose -130 - 130 = -20*o. Calculate the greatest common divisor of 39 and o.
13
Let k(x) = x**2 - x - 1. Let f be k(3). Suppose -5*s = -f, 2*q + 0*q - 7 = s. What is the highest common divisor of q and 4?
4
Suppose 3 = 6*x - 5*x. Calculate the greatest common factor of 9 and x.
3
Suppose 8*k - 168 = 2*k. What is the highest common divisor of 42 and k?
14
Let s(n) = -n**3 - 20*n**2 - 20*n + 31. Let q be s(-19). Calculate the highest common divisor of q and 25.
25
Let c = -25 + 30. Suppose 0 = -5*z - 5*q - c + 65, 4*z + 5*q = 49. What is the greatest common factor of 88 and z?
11
Suppose 10*l = 28 + 62. Suppose b + 3*b = 3*u + 45, 2*u + 42 = 4*b. What is the greatest common divisor of l and b?
9
Let z(a) = -a**3 - 2*a**2 + 3*a + 6. Let w be z(-5). Let p = -3 - -9. Calculate the highest common divisor of p and w.
6
Let w be (3 - 1)*48/3. Let p = w + -18. Let b(c) = 21*c - 7. Let z be b(3). Calculate the greatest common divisor of z and p.
14
Let d = 8 - -2. Let y be (d/(-35))/(2/(-14)). Suppose -y*q + 0*q = -2. Calculate the highest common factor of 2 and q.
1
Suppose -5*y - 18 = -11*y. What is the highest common factor of y and 9?
3
Suppose -3*p + 0*p + 66 = 0. Let w be -19*3*(2 - 3). Suppose w = 5*j + 3*z - 5*z, 0 = 4*j + 4*z - 40. Calculate the highest common factor of p and j.
11
Suppose -11 = -5*t + 9. Suppose -10 = -s - t*s. Suppose -8 = -s*g + 4. What is the greatest common factor of g and 60?
6
Suppose 5*o = -3*s + 15, 4*o - 39 = 6*s - 3*s. Suppose -3*t = -o*t + 315. Calculate the greatest common factor of 15 and t.
15
Let h = -26 - -110. What is the greatest common factor of h and 12?
12
Let i = -54 + 62. Calculate the highest common factor of i and 12.
4
Suppose 0 = -g + 5*g + 224. Let b = g + 78. What is the highest common factor of 33 and b?
11
Let i be 2/(-1 + -1 + 1). Let z be -1 + (i - (-24 + -1)). Suppose 0 = -c + z - 1. Calculate the greatest common factor of c and 14.
7
Suppose 0 = -3*a - 52 + 352. What is the greatest common divisor of 150 and a?
50
Suppose c = -v + 31, 0 = c - 7*v + 4*v - 35. Calculate the greatest common factor of 80 and c.
16
Suppose -4*u + 41 = -19. Let q = u - -14. Suppose q + 35 = 2*a. Calculate the highest common divisor of a and 4.
4
Let o = 5 + 2. What is the greatest common factor of o and 63?
7
Suppose -45 = -2*o + 147. Let h = o - 12. Let n(y) = -y**3 - 12*y**2 - 13*y - 8. Let g be n(-11). What is the highest common factor of g and h?
14
Let q(d) = 4*d**3 - d**2 - 3*d + 2. Let i be q(2). Suppose 2*h - 3*h + i = 0. Calculate the greatest common divisor of h and 16.
8
Let j = -80 - -287. Calculate the highest common divisor of j and 23.
23
Suppose -4*l + 0*l + 105 = 3*h, l = 3*h + 15. Let z = 2 - -14. Calculate the greatest common divisor of l and z.
8
Let n = -8 - -27. Let q = 269 + -136. Calculate the greatest common divisor of q and n.
19
Let u(i) be the second derivative of i**4/6 - 5*i**3/6 - 2*i**2 - 2*i. Let h be u(6). Suppose 27 = 5*p - h. Calculate the greatest common factor of 104 and p.
13
Let p = -4 - -5. Let f be (-1)/((p + 2)/(-12)). Suppose c = -f*c + 40. Calculate the highest common factor of 4 and c.
4
Let o(z) = -4*z + 38. Let p be o(9). Suppose v + 4*v - 30 = 0. Calculate the highest common divisor of v and p.
2
Suppose -25 = -5*z - 0. Suppose -4 = z*d - 34. Calculate the highest common factor of d and 12.
6
Let q = -1026 - -1456. Let r = q - 298. Calculate the highest common factor of 12 and r.
12
Suppose -4*m - 4*p + 1258 = -5*p, 0 = m - 3*p - 309. What is the greatest common factor of m and 35?
35
Let y be -2 + 0 + ((-14)/(-2) - -6). Calculate the highest common factor of y and 121.
11
Let n(k) = -k - 1. Let s(a) = -2*a + 5. Let z(b) = -3*n(b) - s(b). Let x be z(5). Calculate the highest common factor of 69 and x.
23
Suppose -6*g + 98 = 38. Calculate the greatest common factor of 200 and g.
10
Suppose -k = -2*k + 23. What is the highest common factor of 23 and k?
23
Suppose -n + 7 = 6. What is the highest common divisor of 3 and n?
1
Let g = 1 + 1. Suppose 2*p - 6 = v, 0 = 3*p - 0*v + 5*v + 17. Let h be 32/(p + (-1)/g). What is the greatest common divisor of h and 8?
8
Suppose 0 = -2*o - 2*o + 48. Let u be 6/(18/(-10) + 2). What is the highest common divisor of u and o?
6
Let m = -13 + 20. Suppose -2*p = -5*n - 27, -p = 4*n - n + 14. Let v = p + m. Calculate the highest common factor of v and 4.
4
Suppose 0*n + n = 3*b + 10, 2*b = 2. Let j be 1/(-2) - (-5)/(-10). Let w be (-33)/6*26*j. What is the highest common divisor of n and w?
13
Let j be 2 + (-1)/1 - 0. Let f = j + 3. Calculate the greatest common divisor of f and 16.
4
Suppose 60*n - 65*n = -40. Calculate the greatest common divisor of n and 24.
8
Let c be (11*-2)/((-1)/1). Let p be 1 + -5 + 6 + 2 + -2. What is the highest common factor of p and c?
2
Suppose v - 18 = -v. Let p = -8 + 80. What is the highest common divisor of v and p?
9
Suppose 5 = 5*n + 10, 3*b - 101 = -4*n. Calculate the greatest common factor of b and 14.
7
Let g be (-5 + 2)/(-2 - -1). Calculate the highest common factor of g and 3.
3
Let z(v) = -2*v + 6. Let a be z(-5). Calculate the greatest common divisor of a and 8.
8
Let r(l) = 163*l**3 - l + 1. Let w be r(1). Let q = w - 59. What is the highest common factor of 13 and q?
13
Let p be 1*6/((-3)/(-1)). Suppose p*f = -2*r + 7*r - 167, 2*r = f + 66. Calculate the highest common factor of 14 and r.
7
Let j be (1 - (-19 + -3)) + -2. What is the highest common divisor of 7 and j?
7
Let f = 0 + -2. Let a(b) = -2*b**3 - 3*b**2 - b - 2. Let k be a(f). Suppose -k*d - 130 = -6*d. What is the highest common factor of d and 26?
13
Suppose -2*t + 7 = 3*q - 4, t + q = 5. Let r = -12 + 45. Suppose c + r = t*c. What is the greatest common divisor of 77 and c?
11
Let a be ((-1)/4)/(2/(-40)). Suppose -65 - 55 = -a*f. What is the highest common factor of 3 and f?
3
Suppose 0 = -3*d + 3*g + 71 + 160, 3*d - 229 = 2*g. Let v = d - 35. Let p be (16/(-1 - -2))/1. What is the greatest common divisor of p and v?
8
Let p = 0 + 14. What is the highest common factor of p and 112?
14
Suppose -6*g + 3*g = -18. Suppose b = g*b + n - 10, 2*b - 5*n + 23 = 0. Let m be 30/4 + 2/4. Calculate the greatest common factor of b and m.
1
Let g = 1 + 6. What is the greatest common factor of 28 and g?
7
Let i = 1 - -2. Suppose a = 2*u - i*u + 105, -u - 555 = -5*a. Calculate the greatest common factor of a and 22.
22
Suppose -2*j + 3*j + 917 = -2*i, -3*i = -4*j + 1348. Let t = -316 - i. What is the highest common factor of t and 56?
28
Let y = -8 - -10. Let u = -8 - -12. What is the greatest common divisor of y and u?
2
Let t = 19 + 14. Suppose -3*d = -5*d - 5*p + t, -5*p = -4*d - 9. Suppose 4*a - 54 - 26 = 0. What is the highest common divisor of a and d?
4
Suppose -68 = -4*v + 2*u, -3*v + 2*u = 6*u - 62. Calculate the highest common divisor of 9 and v.
9
Let n(j) = j + 12. Let o be n(-8). What is the highest common divisor of o and 12?
4
Let s = -23 + 13. Let l = s - -22. Let q(c) = c. Let t be q(4). What is the highest common divisor of l and t?
4
Let u(g) = -6 - 4*g + 2*g + 7. Let c be u(1). Let j be 0/(c + 0) + 13. What is the greatest common divisor of j and 143?
13
Suppose 0*u - 2*u - 3 = -j, 28 = j + 3*u. Suppose 0 = 3*v - 3*f - 45, j - 1 = -3*f. Let s = -11 + 66. Calculate the highest common factor of s and v.
11
Let s(o) = o**3 + 2*o**2 + 2*o + 5. Let t be s(0). What is